ns digit of 246893926?
4
What is the thousands digit of 457608210?
8
What is the millions digit of 624195100?
4
What is the units digit of 2463631189?
9
What is the ten millions digit of 968297001?
6
What is the millions digit of 524438041?
4
What is the hundreds digit of 1157025280?
2
What is the units digit of 1711609777?
7
What is the hundreds digit of 173007085?
0
What is the millions digit of 779183726?
9
What is the tens digit of 20389302?
0
What is the thousands digit of 49824415?
4
What is the hundreds digit of 51299610?
6
What is the tens digit of 78078058?
5
What is the hundreds digit of 150769995?
9
What is the hundreds digit of 1566333278?
2
What is the tens digit of 69365265?
6
What is the millions digit of 247656407?
7
What is the units digit of 89472304?
4
What is the thousands digit of 2392726808?
6
What is the millions digit of 276920339?
6
What is the ten thousands digit of 93029146?
2
What is the hundred thousands digit of 716349796?
3
What is the ten millions digit of 168006050?
6
What is the tens digit of 8400596?
9
What is the hundred thousands digit of 330887722?
8
What is the hundred thousands digit of 4966820?
9
What is the hundred thousands digit of 1564949567?
9
What is the millions digit of 77091050?
7
What is the units digit of 401131535?
5
What is the hundreds digit of 59520174?
1
What is the ten millions digit of 6646508064?
4
What is the hundred thousands digit of 1341367?
3
What is the millions digit of 132865115?
2
What is the tens digit of 328172892?
9
What is the units digit of 259609612?
2
What is the thousands digit of 7762899467?
9
What is the hundred millions digit of 534873736?
5
What is the ten thousands digit of 1790653822?
5
What is the units digit of 114821667?
7
What is the hundreds digit of 107992710?
7
What is the ten millions digit of 638563133?
3
What is the millions digit of 36502720?
6
What is the millions digit of 95914670?
5
What is the millions digit of 1575158882?
5
What is the tens digit of 537753380?
8
What is the thousands digit of 134009075?
9
What is the units digit of 1882303801?
1
What is the ten thousands digit of 456293196?
9
What is the hundreds digit of 1380756440?
4
What is the hundred thousands digit of 5849397103?
3
What is the hundreds digit of 142317803?
8
What is the hundred thousands digit of 1771709224?
7
What is the billions digit of 2608960925?
2
What is the hundreds digit of 435031261?
2
What is the hundreds digit of 4168234674?
6
What is the hundreds digit of 249267964?
9
What is the hundreds digit of 98240892?
8
What is the ten millions digit of 512549297?
1
What is the hundred thousands digit of 448835225?
8
What is the ten thousands digit of 1921256632?
5
What is the billions digit of 4774560252?
4
What is the millions digit of 119457493?
9
What is the tens digit of 250990383?
8
What is the millions digit of 43551369?
3
What is the millions digit of 41676199?
1
What is the hundred millions digit of 396860424?
3
What is the units digit of 37500499?
9
What is the hundred thousands digit of 69868549?
8
What is the hundred millions digit of 231113928?
2
What is the units digit of 3870317?
7
What is the ten thousands digit of 852205915?
0
What is the thousands digit of 26974228?
4
What is the hundreds digit of 104137127?
1
What is the units digit of 262173384?
4
What is the thousands digit of 4759843?
9
What is the hundred thousands digit of 197920713?
9
What is the tens digit of 104507212?
1
What is the ten thousands digit of 92360722?
6
What is the hundred thousands digit of 2792867759?
8
What is the hundred thousands digit of 186730371?
7
What is the thousands digit of 906719?
6
What is the hundreds digit of 2129875602?
6
What is the ten thousands digit of 128104815?
0
What is the hundred thousands digit of 1447459855?
4
What is the units digit of 71340709?
9
What is the hundred thousands digit of 47426595?
4
What is the millions digit of 1518828584?
8
What is the units digit of 30855256?
6
What is the units digit of 1978217953?
3
What is the hundred millions digit of 916200966?
9
What is the tens digit of 162602294?
9
What is the thousands digit of 2673679848?
9
What is the hundred thousands digit of 64602811?
6
What is the ten millions digit of 50378003?
5
What is the millions digit of 18207626?
8
What is the hundred millions digit of 2064885099?
0
What is the hundred thousands digit of 399602313?
6
What is the hundred thousands digit of 147104094?
1
What is the millions digit of 94831998?
4
What is the units digit of 5701985356?
6
What is the hundred thousands digit of 1705042307?
0
What is the units digit of 74342599?
9
What is the hundred millions digit of 276922035?
2
What is the ten millions digit of 361517122?
6
What is the thousands digit of 597873366?
3
What is the billions digit of 4185466074?
4
What is the hundred millions digit of 1038651541?
0
What is the thousands digit of 82913662?
3
What is the thousands digit of 122211871?
1
What is the millions digit of 393867581?
3
What is the thousands digit of 296076781?
6
What is the tens digit of 1060349468?
6
What is the thousands digit of 426411165?
1
What is the millions digit of 378135133?
8
What is the hundred millions digit of 158679933?
1
What is the tens digit of 36614992?
9
What is the hundred thousands digit of 137763565?
7
What is the ten millions digit of 2093493506?
9
What is the units digit of 52582692?
2
What is the hundred millions digit of 228830977?
2
What is the tens digit of 45342124?
2
What is the units digit of 414800784?
4
What is the ten millions digit of 89955458?
8
What is the units digit of 706695919?
9
What is the units digit of 49585366?
6
What is the units digit of 3191771?
1
What is the ten millions digit of 52768688?
5
What is the hundred thousands digit of 210052766?
0
What is the ten millions digit of 1615103715?
1
What is the hundreds digit of 1943164947?
9
What is the hundreds digit of 614935653?
6
What is the ten thousands digit of 19289817?
8
What is the thousands digit of 2335241284?
1
What is the ten millions digit of 5512415557?
1
What is the tens digit of 124453007?
0
What is the hundreds digit of 2808495275?
2
What is the ten millions digit of 225656565?
2
What is the ten millions digit of 1912371457?
1
What is the hundred thousands digit of 8493402439?
4
What is the hundreds digit of 20976327?
3
What is the hundred thousands digit of 17338229?
3
What is the units digit of 240913297?
7
What is the hundreds digit of 6265504?
5
What is the ten thousands digit of 1296875112?
7
What is the thousands digit of 8413935?
3
What is the tens digit of 777258109?
0
What is the ten thousands digit of 6176814?
7
What is the hundred thousands digit of 1456122840?
1
What is the tens digit of 355964340?
4
What is the hundred millions digit of 354073973?
3
What is the tens digit of 323884735?
3
What is the units digit of 1023084295?
5
What is the units digit of 245348792?
2
What is the hundred millions digit of 137407268?
1
What is the hundred thousands digit of 25265240?
2
What is the ten millions digit of 4303034622?
0
What is the units digit of 5487474606?
6
What is the ten thousands digit of 720389080?
8
What is the ten millions digit of 200598187?
0
What is the millions digit of 42740047?
2
What is the ten thousands digit of 12212864?
1
What is the millions digit of 211048617?
1
What is the hundred millions digit of 630443527?
6
What is the tens digit of 424118049?
4
What is the hundred thousands digit of 102370437?
3
What is the ten thousands digit of 122736122?
3
What is the hundred thousands digit of 160357538?
3
What is the units digit of 52124691?
1
What is the units digit of 807788912?
2
What is the ten millions digit of 93459247?
9
What is the millions digit of 316980809?
6
What is the ten millions digit of 239376945?
3
What is the ten thousands digit of 89944480?
4
What is the millions digit of 60954237?
0
What is the millions digit of 38283120?
8
What is the tens digit of 21093145?
4
What is the hundreds digit of 1361523169?
1
What is the thousands digit of 62491383?
1
What is the hundred thousands digit of 1169180817?
1
What is the tens digit of 537951440?
4
What is the hundred thousands digit of 248941955?
9
What is the hundred millions digit of 102916258?
1
What